- 150. Determine g(-5).
-140
Let g(i) = 1449*i - 11. Determine g(0).
-11
Let d(g) = -13*g**2 - 650*g - 11. What is d(-50)?
-11
Let o(a) = a**3 - 40*a**2 - 103*a + 726. Give o(42).
-72
Let r(x) = 89*x**2 - 169*x + 8. Give r(2).
26
Let f(i) = 1558*i - 17136. What is f(11)?
2
Let f(x) = 25*x - 283. What is f(12)?
17
Let l(m) = -9*m - 582. What is l(-52)?
-114
Let s(i) = -i**2 + 8*i + 9. Give s(12).
-39
Let m(w) = w**3 - 30*w**2 + 60*w - 262. Determine m(28).
-150
Let b(c) = -3*c**3 + 12*c**2 + 43*c + 12. Calculate b(6).
54
Let g(s) = -s**3 + 6*s**2 + 135*s - 690. Give g(5).
10
Let f(h) = -90*h - 84. What is f(5)?
-534
Let p(q) = -31*q + 84. Give p(4).
-40
Let g(a) = -a**2 + 34*a + 91. Give g(37).
-20
Let p(x) = x**2 + 11*x - 33. Calculate p(-18).
93
Let a(u) = u**3 + 6*u**2 + 2*u + 37. Determine a(-7).
-26
Let d(t) = -t**3 - 12*t**2 + 86*t + 28. Determine d(-17).
11
Let k(g) = -2*g**3 - 13*g**2 - 3207*g - 19218. Give k(-6).
-12
Let b(l) = -10*l - 966. What is b(-78)?
-186
Let r(f) = 2*f**3 - 289*f**2 - 148*f + 472. Determine r(145).
37
Let x(n) = 2*n**3 - 17*n**2 - 32*n + 322. What is x(8)?
2
Let x(s) = 2218*s - 102035. Determine x(46).
-7
Let l(r) = r**2 + 8*r - 247. Determine l(-19).
-38
Let k(u) = 4*u**2 + 62*u - 100. Determine k(-17).
2
Let z(p) = 2*p**2 - 328*p + 4871. Determine z(17).
-127
Let m(q) = -q**3 + 16*q**2 - 65*q + 15. Give m(7).
1
Let d(c) = -2*c**2 + 113*c - 1224. Calculate d(42).
-6
Let j(t) = -t**2 - 102*t + 1382. Calculate j(-112).
262
Let p(h) = -12*h**2 - 255*h + 29. What is p(-21)?
92
Let t(j) = -j**2 - 147*j + 1075. What is t(7)?
-3
Let p(k) = -2*k**2 + 4*k + 1952. Calculate p(-30).
32
Let m(d) = -d**2 - 168*d - 6048. Determine m(-116).
-16
Let m(j) = j**3 + 63*j**2 + 404*j + 657. Determine m(-56).
-15
Let i(c) = -c**3 + 96*c**2 + 37*c + 5815. Determine i(97).
-5
Let l(u) = u**2 - 185*u - 2183. What is l(-11)?
-27
Let z(s) = -2*s**2 + 116*s + 375. Determine z(61).
9
Let l(n) = n**3 + 28*n**2 + 155*n - 33. Determine l(-21).
-201
Let d(o) = -o**3 - 52*o**2 - 102*o - 108. Determine d(-50).
-8
Let n(l) = -l**3 - 21*l**2 + 19*l + 371. What is n(-21)?
-28
Let f(j) = 33*j**2 + 2605*j - 2604. Calculate f(1).
34
Let q(y) = -28*y - 252. Calculate q(-12).
84
Let h(i) = i**3 - 28*i**2 + 51*i - 900. Determine h(27).
-252
Let o(l) = 8*l + 8. Calculate o(0).
8
Let q(x) = 51*x + 2155. Calculate q(-42).
13
Let x(z) = 2*z**3 - 27*z**2 - 35*z + 31. Determine x(14).
-263
Let m(o) = -o**2 - 3*o - 28. Calculate m(4).
-56
Let j(b) = b**3 + 9*b**2 - 28*b - 63. Give j(-11).
3
Let h(r) = 251*r + 63. Determine h(3).
816
Let b(g) = -g**3 + 47*g + 2. Determine b(0).
2
Let r(p) = -2*p**3 - 11*p**2 - 2*p + 3. Calculate r(-5).
-12
Let p(c) = 26*c + 708. What is p(-6)?
552
Let l(m) = 284*m + 32951. What is l(-116)?
7
Let w(i) = i**3 + 14*i**2 - 22*i + 157. Give w(-16).
-3
Let n(l) = -l**3 - 2*l**2 + 43*l - 37. What is n(7)?
-177
Let r(v) = v**3 + 7*v**2 - 98*v + 20. Calculate r(-14).
20
Let z(g) = -165*g**2 - 3*g + 2. What is z(1)?
-166
Let c(j) = j**2 + 335*j + 1320. Determine c(-4).
-4
Let k(q) = -24*q**2 - 90*q - 28. What is k(-5)?
-178
Let b(n) = -19*n - 1196. What is b(-65)?
39
Let z(f) = -f**3 + 54*f**2 - 709*f - 82. Calculate z(23).
10
Let w(c) = -c**3 - 25*c**2 - 118*c - 24. Calculate w(-19).
52
Let w(b) = b**3 - 18*b**2 + 23*b - 28. Calculate w(16).
-172
Let n(s) = -s**2 + 11*s - 37. What is n(19)?
-189
Let r(f) = -7*f**2 + 81*f + 383. What is r(17)?
-263
Let j(w) = -2*w**3 + 10*w**2 + 49. Give j(6).
-23
Let q(b) = 3*b**2 + 7*b - 36. What is q(-10)?
194
Let y(z) = 1721*z**2 - 25815*z - 2. Calculate y(15).
-2
Let v(n) = n**3 - 47*n**2 + 446*n - 140. What is v(34)?
-4
Let a(z) = -64*z**2 - 1410*z - 14. Give a(-22).
30
Let l(j) = j**3 + 13*j**2 + 17*j + 74. Give l(-12).
14
Let z(r) = 2*r**2 - 26*r + 71. Give z(7).
-13
Let q(j) = 17*j**2 - 63. Determine q(0).
-63
Let w(z) = -2*z**2 + 423*z + 18. Calculate w(0).
18
Let u(t) = -t**3 + 9*t**2 + 5*t + 47. What is u(10)?
-3
Let r(t) = t**3 + 47*t**2 + 37*t - 394. Determine r(-46).
20
Let i(s) = s**2 + 26*s - 68. What is i(0)?
-68
Let g(n) = -11*n - 401. Determine g(-39).
28
Let g(t) = 123*t + 1368. Determine g(-11).
15
Let g(m) = 3*m**3 + 2*m**2 + 4*m - 29. Give g(0).
-29
Let r(f) = -2*f**3 - 44*f**2 + 175*f + 4561. Determine r(-21).
4
Let z(p) = -p**3 - 2*p**2 + 36*p + 1. Determine z(6).
-71
Let b(c) = c**3 + 9*c**2 + 49*c + 800. Calculate b(-11).
19
Let g(v) = -136*v + 179. Determine g(4).
-365
Let o(h) = 17*h**2 - 65*h. Calculate o(4).
12
Let l(z) = -7487*z + 37391. What is l(5)?
-44
Let x(b) = 17*b**3 + 439*b**2 - 70*b + 210. Calculate x(-26).
2
Let j(m) = -m**3 - 36*m**2 - 74*m - 134. Calculate j(-34).
70
Let k(u) = -7*u + 35. Give k(-20).
175
Let d(i) = -i**3 - 5*i**2 + 25*i + 47. Calculate d(-2).
-15
Let n(l) = -l**2 + 175*l - 4902. What is n(35)?
-2
Let d(o) = -4*o**3 - 24*o**2 + 5*o + 18. Determine d(-8).
490
Let f(r) = 2*r**2 - 30*r + 34. Give f(14).
6
Let h(d) = -12*d + 88. Determine h(-1).
100
Let v(g) = g**3 - 17*g**2 - 20*g + 9. Give v(18).
-27
Let h(k) = k**3 + 224*k**2 + 10695*k - 7. Determine h(-155).
-7
Let x(b) = 8*b**3 - 3*b**2 - 73*b + 71. Determine x(1).
3
Let l(j) = 2*j**2 - 11*j - 98. What is l(-5)?
7
Let i(n) = -n**2 - 135*n + 619. What is i(-139)?
63
Let l(p) = 188*p + 5491. Determine l(-29).
39
Let x(i) = -i**3 + 123*i**2 + 322*i - 8998. Determine x(125).
2
Let p(x) = 11*x - 54. Determine p(9).
45
Let w(a) = -a**2 + 337*a - 18494. Give w(268).
-2
Let t(r) = r**3 + 80*r**2 - 1420*r - 93. Calculate t(15).
-18
Let y(j) = j**2 - 215*j - 1. What is y(0)?
-1
Let p(h) = 2*h + 28. Calculate p(-8).
12
Let x(q) = q**3 - 66*q**2 + 1003*q - 12. Give x(24).
-132
Let c(l) = 12*l**2 - 436*l + 144. Determine c(36).
0
Let b(w) = 3*w**2 + 12*w - 22. Give b(6).
158
Let b(q) = 364*q + 995. Calculate b(-2).
267
Let g(w) = -3*w**3 + 49*w**2 - 24*w + 57. Calculate g(16).
-71
Let q(d) = -d**2 + 28*d + 235. What is q(-10)?
-145
Let j(m) = m**2 - 22*m - 147. Determine j(28).
21
Let a(z) = 2*z - 118. Calculate a(23).
-72
Let n(a) = -95*a + 862. What is n(9)?
7
Let r(q) = -13*q**2 - 10. Give r(-2).
-62
Let k(y) = -64*y**2 + 332*y + 1319. What is k(-4)?
-1033
Let y(k) = -2*k**2 - 376*k - 15062. Calculate y(-130).
18
Let b(r) = -25*r - 601. Determine b(-23).
-26
Let n(v) = 70*v + 557. Determine n(-8).
-3
Let v(p) = -751*p - 3682. Determine v(-5).
73
Let f(k) = -k**3 + 4*k**2 + 82*k - 42. Give f(11).
13
Let m(h) = -h**3 - 5*h**2 - 45*h - 124. Give m(-3).
-7
Let f(w) = -42*w - 224. Give f(-4).
-56
Let u(t) = -t**2 + 12*t + 4. Calculate u(3).
31
Let n(m) = 2017*m - 14137. Determine n(7).
-18
Let m(c) = -20*c - 731. Give m(-36).
-11
Let g(h) = h**3 - 6*h**2 + 8*h - 17. Determine g(6).
31
Let f(y) = 42*y + 58. What is f(-6)?
-194
Let m(z) = z + 28. Determine m(-20).
8
Let x(k) = 73*k + 1146. Give x(-19).
-241
Let r(c) = 30*c + 22. Calculate r(4).
142
Let k(b) = 14*b + 139. What is k(18)?
391
Let a(h) = 5*h**3 - 3*h**2 + 153*h + 311. What is a(-2)?
-47
Let w(y) = -189*y + 3780. Calculate w(20).
0
Let d(g) = 20*g - 348. Determine d(17).
-8
Let h(p) = -11341*p + 45371. Give h(4).
7
Let y(w) = -w**2 + 547*w + 6138. What is y(-11)?
0
Let u(n) = 2*n**2 - 42*n + 56. Determine u(19).
-20
Let m(x) = 799*x**2 - 120*x - 119. Give m(-1).
800
Let f(n) = -n**3 + 42*n**2 - 36*n - 78. Give f(41).
127
Let o(c) = 726*c + 2914. Give o(-4).
10
Let c(a) = 22*a**2 - 485*a - 14. Determine c(22).
-36
Let i(a) = -1254*a - 5011. Give i(-4).
5
Let b(x) = -x**3 + 18*x**2 + 14*x + 35. What is b(19)?
-60
Let g(w) = -104*w + 3850. What is g(37)?
2
Let b(j) = -1606*j - 24078. Calculate b(-15).
12
Let n(l) = l**3 + 67*l**2 - 4*l - 269. Give n(-67).
-1
Let f(u) = 3*u**3 + 92*u**2 + 70*u - 60. What is f(-30)?
-360
Let m(v) = -8*v**2 - 297*v + 957. What is m(3)?
-6
Let g(m) = -423*m + 2966. Calculate g(7).
5
Let f(p) = -13*p**3 - 4*p - 1. Give f(-2).
111
Let h(m) = -2*m**3 - 18*m**2 + 56*m - 2. Calculate h(3).
-50
Let a(l) = l**3 - 11*l**2 - 8*l - 34. Determine a(13).
200
Let r(g) = -148*g + 246. What is r(2)?
-50
Let x(k) = 2*k**2 - 89*k - 352. Determine x(48).
-16
Let f(w) = 8*w**2 - 120*w + 501. Calculate f(4).
149
Let h(r) = -18840*r - 169556. Determine h(-9).
4
Let q(c) = -c**3 + 13*c**2 - 43*c + 26. Calculate q(4).
-2
Let r(x) = -6*x**2